{"id":49,"date":"2014-08-29T18:10:48","date_gmt":"2014-08-29T17:10:48","guid":{"rendered":"http:\/\/www.lesouvenirfrancais-saintchinian.fr\/?page_id=49"},"modified":"2022-09-29T10:00:34","modified_gmt":"2022-09-29T09:00:34","slug":"bienvenue","status":"publish","type":"page","link":"https:\/\/www.lesouvenirfrancais-saintchinian.fr\/","title":{"rendered":"\u00ab\u00a0A nous le souvenir, \u00e0 eux l&rsquo;immortalit\u00e9\u00a0\u00bb"},"content":{"rendered":"\n<p><\/p>\n\n\n\n<figure class=\"wp-block-image size-large is-resized\"><a href=\"https:\/\/www.lesouvenirfrancais-saintchinian.fr\/wp-content\/uploads\/2022\/09\/20220606_185652-scaled.jpg\"><img loading=\"lazy\" decoding=\"async\" src=\"https:\/\/www.lesouvenirfrancais-saintchinian.fr\/wp-content\/uploads\/2022\/09\/20220606_185652-576x1024.jpg\" alt=\"\" class=\"wp-image-1465\" width=\"211\" height=\"375\" srcset=\"https:\/\/www.lesouvenirfrancais-saintchinian.fr\/wp-content\/uploads\/2022\/09\/20220606_185652-576x1024.jpg 576w, https:\/\/www.lesouvenirfrancais-saintchinian.fr\/wp-content\/uploads\/2022\/09\/20220606_185652-169x300.jpg 169w, https:\/\/www.lesouvenirfrancais-saintchinian.fr\/wp-content\/uploads\/2022\/09\/20220606_185652-768x1365.jpg 768w, https:\/\/www.lesouvenirfrancais-saintchinian.fr\/wp-content\/uploads\/2022\/09\/20220606_185652-864x1536.jpg 864w, https:\/\/www.lesouvenirfrancais-saintchinian.fr\/wp-content\/uploads\/2022\/09\/20220606_185652-1152x2048.jpg 1152w, https:\/\/www.lesouvenirfrancais-saintchinian.fr\/wp-content\/uploads\/2022\/09\/20220606_185652-940x1671.jpg 940w, https:\/\/www.lesouvenirfrancais-saintchinian.fr\/wp-content\/uploads\/2022\/09\/20220606_185652-scaled.jpg 1440w\" sizes=\"auto, (max-width: 211px) 100vw, 211px\" \/><\/a><\/figure>\n\n\n\n<h2 class=\"wp-block-heading\"><strong>Notre comit\u00e9 a inaugur\u00e9, le\u00a06 juin 2022 \u00e0 Puisserguier \u00a0un site internet<\/strong> <strong>d\u00e9di\u00e9 <\/strong>uniquement \u00e0 l&rsquo;Histoire du Maquis Latourette et \u00e0 son chef militaire Jean Girv\u00e8s.<\/h2>\n\n\n\n<p>Vous pouvez cliquer ci-dessus, directement sur la photographie du monument ou taper dans votre barre d&rsquo;adresse :<\/p>\n\n\n\n<p><a href=\"https:\/\/www.maquislatourette.lesouvenirfrancais-saintchinian.fr\/index.html\">https:\/\/www.maquislatourette.lesouvenirfrancais-saintchinian.fr\/index.html<\/a><\/p>\n\n\n\n<p><\/p>\n\n\n\n<p>&#8212;&#8212;&#8212;&#8212;&#8212;&#8212;&#8212;&#8212;&#8212;&#8212;&#8212;&#8212;&#8212;&#8212;&#8212;&#8212;&#8212;&#8212;&#8212;&#8212;&#8212;&#8212;&#8212;&#8212;&#8212;&#8212;&#8212;&#8212;&#8212;&#8212;&#8212;&#8212;-<\/p>\n\n\n<figure id=\"attachment_1086\" aria-describedby=\"caption-attachment-1086\" style=\"width: 300px\" class=\"wp-caption aligncenter\"><a href=\"https:\/\/prades.lesouvenirfrancais-saintchinian.fr\/index.html\"><img loading=\"lazy\" decoding=\"async\" class=\"size-medium wp-image-1086\" src=\"https:\/\/www.lesouvenirfrancais-saintchinian.fr\/wp-content\/uploads\/2018\/05\/Monument-de-Prades-300x270.jpg\" alt=\"\" width=\"300\" height=\"270\" srcset=\"https:\/\/www.lesouvenirfrancais-saintchinian.fr\/wp-content\/uploads\/2018\/05\/Monument-de-Prades-300x270.jpg 300w, https:\/\/www.lesouvenirfrancais-saintchinian.fr\/wp-content\/uploads\/2018\/05\/Monument-de-Prades.jpg 649w\" sizes=\"auto, (max-width: 300px) 100vw, 300px\" \/><\/a><figcaption id=\"caption-attachment-1086\" class=\"wp-caption-text\">Monument aux morts de Prades sur Vernazobres.<\/figcaption><\/figure>\n<h2><strong>Notre comit\u00e9 a inaugur\u00e9, le\u00a08\u00a0mai 2018, \u00a0un site internet\/monument num\u00e9rique d\u00e9di\u00e9 aux soldats Morts pour la France de la commune de Prades sur Vernazobre et \u00e0 l&rsquo;histoire de son monument aux morts<\/strong><strong>.<\/strong><\/h2>\n<p>Vous pouvez cliquer ci-dessus, directement sur la photographie du monument ou taper dans votre barre d&rsquo;adresse :<\/p>\n<p><a href=\"https:\/\/prades.lesouvenirfrancais-saintchinian.fr\/index.html\">https:\/\/prades.lesouvenirfrancais-saintchinian.fr\/index.html<\/a><\/p>\n<p>&#8212;&#8212;&#8212;&#8212;&#8212;&#8212;&#8212;&#8212;&#8212;&#8212;&#8212;&#8212;&#8212;&#8212;&#8212;&#8212;&#8212;&#8212;&#8212;&#8212;&#8212;&#8212;&#8212;&#8212;&#8212;&#8212;&#8212;&#8212;&#8212;&#8212;&#8212;&#8212;&#8212;&#8211;<a title=\"Sp\u00e9cial Fontjun 2017\" href=\"https:\/\/www.fontjun.lesouvenirfrancais-saintchinian.fr\/\" target=\"_blank\" rel=\"noopener noreferrer\"><img loading=\"lazy\" decoding=\"async\" class=\"aligncenter wp-image-841 size-medium\" src=\"https:\/\/www.lesouvenirfrancais-saintchinian.fr\/wp-content\/uploads\/2014\/08\/IMAG3089-168x300.jpg\" alt=\"Fontjun\" width=\"168\" height=\"300\" srcset=\"https:\/\/www.lesouvenirfrancais-saintchinian.fr\/wp-content\/uploads\/2014\/08\/IMAG3089-168x300.jpg 168w, https:\/\/www.lesouvenirfrancais-saintchinian.fr\/wp-content\/uploads\/2014\/08\/IMAG3089-575x1024.jpg 575w, https:\/\/www.lesouvenirfrancais-saintchinian.fr\/wp-content\/uploads\/2014\/08\/IMAG3089-600x1068.jpg 600w, https:\/\/www.lesouvenirfrancais-saintchinian.fr\/wp-content\/uploads\/2014\/08\/IMAG3089.jpg 1456w\" sizes=\"auto, (max-width: 168px) 100vw, 168px\" \/><\/a><\/p>\n<h2><strong>Notre comit\u00e9 a inaugur\u00e9, le 7 juin 2017, \u00a0un site internet d\u00e9di\u00e9 exclusivement aux \u00e9v\u00e8nements de Fontjun des <\/strong><strong>6 et 7 juin 1944.<\/strong><\/h2>\n<p>Vous pouvez cliquer ci-dessus, directement sur la photographie du monument ou taper dans votre barre d&rsquo;adresse :<\/p>\n<p><a href=\"https:\/\/www.fontjun.lesouvenirfrancais-saintchinian.fr\/\"><strong>https:\/\/www.fontjun.lesouvenirfrancais-saintchinian.fr\/<\/strong><\/a><\/p>\n<p style=\"text-align: center;\"><a href=\"https:\/\/www.lesouvenirfrancais-saintchinian.fr\/wp-content\/uploads\/2014\/09\/cropped-Logo-seul.jpg\"><img loading=\"lazy\" decoding=\"async\" class=\"aligncenter wp-image-59 size-thumbnail\" src=\"https:\/\/www.lesouvenirfrancais-saintchinian.fr\/wp-content\/uploads\/2014\/09\/cropped-Logo-seul-150x150.jpg\" alt=\"cropped-Logo-seul.jpg\" width=\"150\" height=\"150\" \/><\/a><\/p>\n<h2 style=\"text-align: center;\">\u00a0<\/h2>\n<h2 style=\"text-align: center;\">\u00a0<span style=\"color: #0000ff;\"><strong>Le Souvenir Fran\u00e7ais, comit\u00e9 du<br \/>Saint-Chinianais<\/strong><\/span><\/h2>\n<h2 style=\"text-align: center;\">\u00ab\u00a0Conserver la m\u00e9moire de celles et de ceux qui sont morts pour la France\u00a0ou qu&rsquo;ils l&rsquo;ont honor\u00e9e par de belles actions.<br \/>Devenez gardien de la m\u00e9moire\u00a0\u00bb<\/h2>\n<h4>Nous vous souhaitons la bienvenue sur le \u00a0site\/blog du Souvenir Fran\u00e7ais, comit\u00e9 de Saint-Chinian (34).<\/h4>\n<h4>Cr\u00e9e fin 2013, notre comit\u00e9 rassemble une\u00a0soixantaine de membres sur Saint-Chinian et villages environnants.<\/h4>\n<h4>Comme vous pourrez le constater dans la rubrique actualit\u00e9, notre comit\u00e9 a particip\u00e9 \u00e0 de nombreuses comm\u00e9morations et actions diverses comme la projection d&rsquo;un court-m\u00e9trage sur la r\u00e9sistance et s&rsquo;est d\u00e9j\u00e0 engag\u00e9 dans des travaux de r\u00e9novations de st\u00e8le et carr\u00e9 militaire. Celui\u00a0 de Saint-Chinian a \u00e9t\u00e9 inaugur\u00e9 le 18 octobre 2014, celui de Pierrerue le 25 avril 2015 et celui de Babeau-Bouldoux le 11 juin 2016.<\/h4>\n<p><strong>Nous avons \u00e9galement financer majoritairement un voyage des classes de 3\u00e8me du coll\u00e8ge de Saint-Chinian \u00e0 Oradour-sur-Glane qui a eu lieu les 5 et 6 mai 2016.<\/strong><\/p>\n<h4>Nous remercions\u00a0pour leur soutien\u00a0les adh\u00e9rents, sympathisants\u00a0ainsi que les collectivit\u00e9s.\u00a0\u00a0Ils nous permettent de perp\u00e9tuer le devoir de m\u00e9moire\u00a0sous de multiples formes.<\/h4>\n<h4>Vous pourrez d\u00e9couvrir en visitant les pages du blog les origines de notre association, ses principes, ses missions, comment y adh\u00e9rer&#8230;..<\/h4>\n<h4>Mais en quelques mots nous vous rappelons que le Souvenir Fran\u00e7ais est une associations de m\u00e9moire cr\u00e9e en 1887 suite \u00e0 la perte de l&rsquo;Alsace Lorraine. Elle est apolitique et non religieuse. Elle est reconnue d&rsquo;utilit\u00e9 publique depuis 1906 ce qui a une incidence sur les versements des adh\u00e9rents (voir page adh\u00e9sion).<\/h4>\n<h4>La structure de notre organisation consiste en une seule association qui est situ\u00e9e \u00e0 Paris\u00a0et qui en constitue le si\u00e8ge et\u00a0 1 700 comit\u00e9s (dont\u00a030 dans l&rsquo; H\u00e9rault)\u00a0r\u00e9partis en France ainsi que des d\u00e9l\u00e9gations \u00e0 l&rsquo;\u00e9tranger.<\/h4>\n<h4>Au total le Souvenir Fran\u00e7ais rassemble environ <strong>200 000 membres<\/strong> qui\u00a0travaillent ensemble pour:<\/h4>\n<h4>Entretenir, se souvenir et regarder vers le futur en sensibilisant les futurs citoyens par des actions p\u00e9dagogiques.<\/h4>\n<h4 style=\"text-align: center;\"><span style=\"color: #0000ff;\"><strong>Notre bureau est compos\u00e9 de la fa\u00e7on suivante:<\/strong><\/span><\/h4>\n<h4><strong>Pr\u00e9sident<\/strong>: Eric P\u00e9r\u00e8s<\/h4>\n<h4><strong>Vice-pr\u00e9sident:<\/strong> Philippe Godia<\/h4>\n<h4><strong>Secr\u00e9taire:<\/strong> Jean-Marc Bagnol<\/h4>\n<h4><strong>Tr\u00e9sori\u00e8re:<\/strong> H\u00e9l\u00e8ne Godia<\/h4>\n<p style=\"text-align: center;\"><strong><span style=\"color: #0000ff;\">Notre mail est:<\/span><\/strong><\/p>\n<p style=\"text-align: center;\"><strong><span style=\"color: #0000ff;\"> sf-saintchinian@orange.fr<\/span><\/strong><\/p>","protected":false},"excerpt":{"rendered":"<p>Notre comit\u00e9 a inaugur\u00e9, le\u00a06 juin 2022 \u00e0 Puisserguier \u00a0un site internet d\u00e9di\u00e9 uniquement \u00e0 l&rsquo;Histoire du Maquis Latourette et \u00e0 son chef militaire Jean Girv\u00e8s. Vous pouvez cliquer ci-dessus, directement sur la photographie du monument ou taper dans votre &#8230; <a class=\"more-link\" href=\"https:\/\/www.lesouvenirfrancais-saintchinian.fr\/\">Read More &raquo;<\/a><\/p>\n","protected":false},"author":321,"featured_media":0,"parent":0,"menu_order":1,"comment_status":"open","ping_status":"closed","template":"","meta":{"footnotes":""},"class_list":["post-49","page","type-page","status-publish","hentry"],"_links":{"self":[{"href":"https:\/\/www.lesouvenirfrancais-saintchinian.fr\/index.php?rest_route=\/wp\/v2\/pages\/49","targetHints":{"allow":["GET"]}}],"collection":[{"href":"https:\/\/www.lesouvenirfrancais-saintchinian.fr\/index.php?rest_route=\/wp\/v2\/pages"}],"about":[{"href":"https:\/\/www.lesouvenirfrancais-saintchinian.fr\/index.php?rest_route=\/wp\/v2\/types\/page"}],"author":[{"embeddable":true,"href":"https:\/\/www.lesouvenirfrancais-saintchinian.fr\/index.php?rest_route=\/wp\/v2\/users\/321"}],"replies":[{"embeddable":true,"href":"https:\/\/www.lesouvenirfrancais-saintchinian.fr\/index.php?rest_route=%2Fwp%2Fv2%2Fcomments&post=49"}],"version-history":[{"count":41,"href":"https:\/\/www.lesouvenirfrancais-saintchinian.fr\/index.php?rest_route=\/wp\/v2\/pages\/49\/revisions"}],"predecessor-version":[{"id":1466,"href":"https:\/\/www.lesouvenirfrancais-saintchinian.fr\/index.php?rest_route=\/wp\/v2\/pages\/49\/revisions\/1466"}],"wp:attachment":[{"href":"https:\/\/www.lesouvenirfrancais-saintchinian.fr\/index.php?rest_route=%2Fwp%2Fv2%2Fmedia&parent=49"}],"curies":[{"name":"wp","href":"https:\/\/api.w.org\/{rel}","templated":true}]}}